9
What is the units digit of 383?
3
What is the tens digit of 15869?
6
What is the thousands digit of 84476?
4
What is the ten thousands digit of 20811?
2
What is the units digit of 4423?
3
What is the hundreds digit of 33658?
6
What is the thousands digit of 2028?
2
What is the tens digit of 4407?
0
What is the thousands digit of 8579?
8
What is the tens digit of 53465?
6
What is the ten thousands digit of 56424?
5
What is the hundreds digit of 3512?
5
What is the tens digit of 666?
6
What is the thousands digit of 1201?
1
What is the thousands digit of 1982?
1
What is the tens digit of 3464?
6
What is the hundreds digit of 1409?
4
What is the tens digit of 1520?
2
What is the units digit of 4718?
8
What is the thousands digit of 27395?
7
What is the tens digit of 4074?
7
What is the hundreds digit of 5229?
2
What is the units digit of 921?
1
What is the units digit of 1444?
4
What is the units digit of 768?
8
What is the units digit of 154?
4
What is the tens digit of 8423?
2
What is the hundreds digit of 6657?
6
What is the tens digit of 949?
4
What is the hundreds digit of 85003?
0
What is the tens digit of 5180?
8
What is the tens digit of 11403?
0
What is the thousands digit of 36015?
6
What is the tens digit of 69561?
6
What is the hundreds digit of 12897?
8
What is the thousands digit of 73311?
3
What is the units digit of 6667?
7
What is the thousands digit of 1390?
1
What is the tens digit of 110029?
2
What is the ten thousands digit of 14336?
1
What is the thousands digit of 13180?
3
What is the tens digit of 3171?
7
What is the hundreds digit of 1889?
8
What is the hundred thousands digit of 133251?
1
What is the units digit of 2636?
6
What is the tens digit of 2091?
9
What is the tens digit of 11982?
8
What is the thousands digit of 9442?
9
What is the tens digit of 1458?
5
What is the tens digit of 2124?
2
What is the ten thousands digit of 37826?
3
What is the tens digit of 13355?
5
What is the units digit of 1344?
4
What is the ten thousands digit of 47875?
4
What is the hundreds digit of 1041?
0
What is the hundreds digit of 511?
5
What is the units digit of 188?
8
What is the ten thousands digit of 82699?
8
What is the thousands digit of 1031?
1
What is the hundreds digit of 963?
9
What is the thousands digit of 2924?
2
What is the tens digit of 892?
9
What is the thousands digit of 18516?
8
What is the units digit of 37065?
5
What is the hundreds digit of 6309?
3
What is the thousands digit of 22136?
2
What is the units digit of 6?
6
What is the units digit of 1429?
9
What is the units digit of 5689?
9
What is the hundreds digit of 39167?
1
What is the thousands digit of 8998?
8
What is the tens digit of 109460?
6
What is the units digit of 3189?
9
What is the tens digit of 3800?
0
What is the units digit of 35989?
9
What is the hundreds digit of 1045?
0
What is the tens digit of 14353?
5
What is the ten thousands digit of 38542?
3
What is the tens digit of 5080?
8
What is the units digit of 449?
9
What is the units digit of 27623?
3
What is the units digit of 149?
9
What is the ten thousands digit of 37126?
3
What is the hundreds digit of 1105?
1
What is the tens digit of 3232?
3
What is the units digit of 47?
7
What is the hundreds digit of 120996?
9
What is the tens digit of 17863?
6
What is the units digit of 644?
4
What is the thousands digit of 16231?
6
What is the ten thousands digit of 54963?
5
What is the hundreds digit of 5512?
5
What is the units digit of 2428?
8
What is the hundreds digit of 787?
7
What is the thousands digit of 7357?
7
What is the tens digit of 1861?
6
What is the units digit of 4985?
5
What is the tens digit of 2818?
1
What is the ten thousands digit of 18082?
1
What is the hundreds digit of 480?
4
What is the thousands digit of 1603?
1
What is the tens digit of 12316?
1
What is the hundreds digit of 5362?
3
What is the hundred thousands digit of 108406?
1
What is the tens digit of 2007?
0
What is the tens digit of 730?
3
What is the units digit of 47836?
6
What is the units digit of 10023?
3
What is the hundreds digit of 3355?
3
What is the tens digit of 937?
3
What is the ten thousands digit of 20108?
2
What is the units digit of 11302?
2
What is the thousands digit of 6843?
6
What is the units digit of 4242?
2
What is the tens digit of 184316?
1
What is the units digit of 9748?
8
What is the ten thousands digit of 108936?
0
What is the tens digit of 83?
8
What is the units digit of 869?
9
What is the units digit of 1701?
1
What is the hundreds digit of 4728?
7
What is the units digit of 22450?
0
What is the tens digit of 1768?
6
What is the tens digit of 219?
1
What is the thousands digit of 2389?
2
What is the ten thousands digit of 15342?
1
What is the hundreds digit of 635?
6
What is the tens digit of 26110?
1
What is the units digit of 647?
7
What is the hundreds digit of 864?
8
What is the thousands digit of 19813?
9
What is the units digit of 925?
5
What is the ten thousands digit of 16871?
1
What is the ten thousands digit of 11527?
1
What is the tens digit of 88326?
2
What is the tens digit of 47867?
6
What is the units digit of 75497?
7
What is the tens digit of 132882?
8
What is the hundreds digit of 1821?
8
What is the units digit of 25968?
8
What is the hundreds digit of 12235?
2
What is the hundreds digit of 1802?
8
What is the ten thousands digit of 35319?
3
What is the tens digit of 2057?
5
What is the thousands digit of 82815?
2
What is the hundred thousands digit of 102071?
1
What is the ten thousands digit of 11400?
1
What is the tens digit of 178?
7
What is the ten thousands digit of 10335?
1
What is the thousands digit of 5597?
5
What is the units digit of 93241?
1
What is the thousands digit of 2707?
2
What is the tens digit of 6610?
1
What is the hundreds digit of 77993?
9
What is the tens digit of 2888?
8
What is the thousands digit of 67883?
7
What is the tens digit of 87?
8
What is the thousands digit of 5779?
5
What is the ten thousands digit of 35619?
3
What is the tens digit of 11511?
1
What is the thousands digit of 2977?
2
What is the hundreds digit of 10737?
7
What is the thousands digit of 11522?
1
What is the hundreds digit of 535?
5
What is the thousands digit of 68652?
8
What is the tens digit of 25220?
2
What is the hundreds digit of 1145?
1
What is the units digit of 48?
8
What is the units digit of 1122?
2
What is the tens digit of 17947?
4
What is the hundreds digit of 2088?
0
What is the tens digit of 21505?
0
What is the hundreds digit of 82647?
6
What is the thousands digit of 1929?
1
What is the units digit of 3251?
1
What is the thousands digit of 96996?
6
What is the ten thousands digit of 116967?
1
What is the tens digit of 13434?
3
What is the units digit of 936?
6
What is the tens digit of 60493?
9
What is the tens digit of 22521?
2
What is the ten thousands digit of 45697?
4
What is the tens digit of 1119?
1
What is the units digit of 20907?
7
What is the units digit of 1239?
9
What is the tens digit of 2900?
0
What is the units digit of 2852?
2
What is the units digit of 6134?
4
What is the units digit of 21181?
1
What is the tens digit of 24823?
2
What is the units digit of 14115?
5
What is the ten thousands digit of 129407?
2
What is the thousands digit of 1603?
1
What is the units digit of 221?
1
What is the thousands digit of 1384?
1
What is the units digit of 3656?
6
What is the tens digit of 13322?
2
What is the thousands digit of 4195?
4
What is the thousands digit of 7193?
7
What is the hundreds digit of 13628?
6
What is the tens digit of 4247?
4
What is the tens digit of 6150?
5
What is the tens digit of 1169?
6
What is the tens digit of 13789?
8
What is the tens digit of 1343?
4
What is the ten thousands digit of 161138?
6
What is the units digit of 116845?
5
What is the thousands digit of 1309?
1
What is the units digit of 121045?
5
What is the hundreds digit of 1135?
1
What is the tens digit of 23800?
0
What is the thousands digit of 16507?
6
What is the hundreds digit of 70813?
8
What is the units digit of 8059?
9
What is the units digit of 652?
2
What is the hundreds digit of 13911?
9
What is the hundreds digit of 43426?
4
What is the tens digit of 1526?
2
What is the tens digit of 3076?
7
What is the tens digit of 6148?
4
